{"id":108,"date":"2021-12-20T16:01:16","date_gmt":"2021-12-20T19:01:16","guid":{"rendered":"https:\/\/agencia.unq.edu.ar\/?page_id=108"},"modified":"2025-12-19T11:48:03","modified_gmt":"2025-12-19T14:48:03","slug":"equipo-editorial","status":"publish","type":"page","link":"https:\/\/agencia.unq.edu.ar\/?page_id=108","title":{"rendered":"Equipo editorial"},"content":{"rendered":"\n<p><\/p>\n\n\n\n<figure class=\"wp-block-image aligncenter size-full\"><img loading=\"lazy\" decoding=\"async\" width=\"1040\" height=\"524\" src=\"https:\/\/agencia.unq.edu.ar\/wp-content\/uploads\/2025\/12\/equipo2025-1040x524-1.jpg\" alt=\"De izquierda a derecha: Nadia Chiaramoni, Ximena P\u00e9rez, Pablo Esteban, Marcelo Luis Aceituno, Luciana Mazzini Puga, Nicol\u00e1s Retamar y Camila Cando. Fotograf\u00eda: Claudio Puglia.\" class=\"wp-image-33433\"\/><figcaption class=\"wp-element-caption\">De izquierda a derecha: Nadia Chiaramoni, Ximena P\u00e9rez, Pablo Esteban, Marcelo Luis Aceituno, Luciana Mazzini Puga, Nicol\u00e1s Retamar y Camila Cando. Fotograf\u00eda: Claudio Puglia.<\/figcaption><\/figure>\n\n\n\n<div style=\"height:15px\" aria-hidden=\"true\" class=\"wp-block-spacer\"><\/div>\n\n\n\n<p><\/p>\n\n\n\n<div style=\"height:25px\" aria-hidden=\"true\" class=\"wp-block-spacer\"><\/div>\n\n\n\n<div class=\"wp-block-columns is-layout-flex wp-container-core-columns-is-layout-28f84493 wp-block-columns-is-layout-flex\">\n<div class=\"wp-block-column is-layout-flow wp-block-column-is-layout-flow\">\n<h5 class=\"wp-block-heading has-text-align-center\" style=\"font-size:18px\">Director: <\/h5>\n\n\n\n<figure class=\"wp-block-image aligncenter size-full\"><img loading=\"lazy\" decoding=\"async\" width=\"90\" height=\"90\" src=\"https:\/\/agencia.unq.edu.ar\/wp-content\/uploads\/2022\/01\/esteban.png\" alt=\"Pablo Esteban\" class=\"wp-image-1044\"\/><\/figure>\n\n\n\n<p class=\"has-text-align-center\" style=\"font-size:16px;line-height:0\">Pablo Esteban <\/p>\n\n\n\n<p class=\"has-text-align-center has-small-font-size\" style=\"line-height:0\"><a href=\"mailto:pablo.esteban1@unq.edu.ar\" target=\"_blank\" rel=\"noreferrer noopener\">pablo.esteban1@unq.edu.ar<\/a><\/p>\n<\/div>\n<\/div>\n\n\n\n<div style=\"height:40px\" aria-hidden=\"true\" class=\"wp-block-spacer\"><\/div>\n\n\n\n<h5 class=\"wp-block-heading has-text-align-center\" style=\"font-size:18px\">Redactoras\/es: <\/h5>\n\n\n\n<div class=\"wp-block-uagb-container uagb-block-5fc8026a alignfull uagb-is-root-container\"><div class=\"uagb-container-inner-blocks-wrap\">\n<div class=\"wp-block-uagb-container uagb-block-bf35c609\">\n<p class=\"has-text-align-center\" style=\"font-size:16px\"><img decoding=\"async\" src=\"https:\/\/agencia.unq.edu.ar\/wp-content\/uploads\/2022\/03\/luciana_mazzini_puga.png\" alt=\"Luciana Mazzini Puga\"><\/p>\n\n\n\n<p class=\"has-text-align-center\" style=\"font-size:16px;line-height:0\"><br>Luciana Mazzini Puga<\/p>\n\n\n\n<p class=\"has-text-align-center\" style=\"font-size:13px;line-height:0\"><br><a href=\"mailto:mazzinipluciana@gmail.com\" target=\"_blank\" rel=\"noreferrer noopener\">mazzinipluciana@gmail.com<\/a><\/p>\n<\/div>\n\n\n\n<div class=\"wp-block-uagb-container uagb-block-2fa4720b\">\n<p class=\"has-text-align-center\" style=\"font-size:16px;line-height:0\"><img decoding=\"async\" src=\"https:\/\/agencia.unq.edu.ar\/wp-content\/uploads\/2022\/01\/perez.png\" alt=\"\"><\/p>\n\n\n\n<p class=\"has-text-align-center\" style=\"font-size:16px;line-height:0\"><br>Ximena P\u00e9rez<\/p>\n\n\n\n<p class=\"has-text-align-center\" style=\"font-size:13px;line-height:0\"><br><a href=\"mailto:maria.perez@unq.edu.ar\" target=\"_blank\" rel=\"noreferrer noopener\">maria.perez@unq.edu.ar<\/a><\/p>\n<\/div>\n\n\n\n<div class=\"wp-block-uagb-container uagb-block-d124882b\">\n<p class=\"has-text-align-center\" style=\"font-size:16px;line-height:0\"><img decoding=\"async\" src=\"https:\/\/agencia.unq.edu.ar\/wp-content\/uploads\/2022\/03\/nicolas-retamar.png\" alt=\"Nicol\u00e1s Retamar\"><br><\/p>\n\n\n\n<p class=\"has-text-align-center\" style=\"font-size:16px;line-height:0\">Nicol\u00e1s Retamar<\/p>\n\n\n\n<p class=\"has-text-align-center has-small-font-size\" style=\"line-height:0\"><br><a href=\"mailto:nicolas.retamar@unq.edu.ar\" target=\"_blank\" rel=\"noreferrer noopener\">nicolas.retamar@unq.edu.ar<\/a><\/p>\n<\/div>\n\n\n\n<div class=\"wp-block-uagb-container uagb-block-343a7f8d\">\n<p class=\"has-text-align-center\" style=\"font-size:16px\"><img decoding=\"async\" src=\"https:\/\/agencia.unq.edu.ar\/wp-content\/uploads\/2022\/03\/nadia-chiaramoni.png\" alt=\"Nadia Chiaramoni\"><\/p>\n\n\n\n<p class=\"has-text-align-center\" style=\"font-size:16px;line-height:0\">Nadia Chiaramoni<\/p>\n\n\n\n<p class=\"has-text-align-center has-small-font-size\" style=\"line-height:0\"><br><a href=\"mailto:nschiara@unq.edu.ar\" target=\"_blank\" rel=\"noreferrer noopener\">nschiara@unq.edu.ar<\/a><br><\/p>\n<\/div>\n<\/div><\/div>\n\n\n\n<div style=\"height:40px\" aria-hidden=\"true\" class=\"wp-block-spacer\"><\/div>\n\n\n\n<div class=\"wp-block-uagb-container uagb-block-242a2c8d alignfull uagb-is-root-container\"><div class=\"uagb-container-inner-blocks-wrap\">\n<div class=\"wp-block-uagb-container uagb-block-e687cdbd\">\n<h5 class=\"wp-block-heading has-text-align-center\" style=\"font-size:18px\">Fotograf\u00eda <br>y redes sociales:<\/h5>\n\n\n\n<p class=\"has-text-align-center\"><img decoding=\"async\" src=\"https:\/\/agencia.unq.edu.ar\/wp-content\/uploads\/2023\/05\/camila-cando.png\" alt=\"Camila Cando\"><\/p>\n\n\n\n<p class=\"has-text-align-center\" style=\"font-size:16px;line-height:0\">Camila Cando<\/p>\n\n\n\n<p class=\"has-text-align-center\" style=\"font-size:13px;line-height:0\"><a href=\"mailto:camila.cando@unq.edu.ar\" target=\"_blank\" rel=\"noreferrer noopener\">camila.cando@unq.edu.ar<\/a><br><\/p>\n<\/div>\n\n\n\n<div class=\"wp-block-uagb-container uagb-block-e4d025ad\">\n<h5 class=\"wp-block-heading has-text-align-center\" style=\"font-size:18px\">Dise\u00f1o de interfaz <br>y mantenimiento web:<\/h5>\n\n\n\n<p class=\"has-text-align-center\"><img decoding=\"async\" src=\"https:\/\/agencia.unq.edu.ar\/wp-content\/uploads\/2023\/03\/marcelo-aceituno.png\" alt=\"Marcelo Luis Aceituno\"><\/p>\n\n\n\n<p class=\"has-text-align-center\" style=\"font-size:16px;line-height:0\">Marcelo Luis Aceituno<\/p>\n\n\n\n<p class=\"has-text-align-center\" style=\"font-size:13px;line-height:0\"><a href=\"mailto:maceituno@unq.edu.ar\" target=\"_blank\" rel=\"noreferrer noopener\">maceituno@unq.edu.ar<\/a><br><\/p>\n<\/div>\n<\/div><\/div>\n\n\n\n<div style=\"height:40px\" aria-hidden=\"true\" class=\"wp-block-spacer\"><\/div>\n\n\n\n<h5 class=\"wp-block-heading has-text-align-center\" style=\"font-size:18px\">Colaboradoras\/es: <\/h5>\n\n\n\n<p style=\"font-size:16px\">Un centenar de autores contribuyen con la Agencia de noticias y eligen nuestro medio para difundir sus ideas. El siguiente listado agrupa a quienes publicaron al menos 3 art\u00edculos:<\/p>\n\n\n\n<div class=\"wp-block-uagb-container uagb-block-4c5090e4 alignfull uagb-is-root-container\"><div class=\"uagb-container-inner-blocks-wrap\">\n<div class=\"wp-block-uagb-container uagb-block-fe0ff0dd\">\n<p style=\"font-size:16px\"><a href=\"https:\/\/agencia.unq.edu.ar\/?tag=alejandro-armentia\" target=\"_blank\" rel=\"noopener\" title=\"\">Alejandro Armentia<\/a><\/p>\n\n\n\n<p style=\"font-size:16px\"><a href=\"https:\/\/agencia.unq.edu.ar\/?tag=david-barresi\" target=\"_blank\" rel=\"noopener\" title=\"\">David Barresi<\/a><\/p>\n\n\n\n<p style=\"font-size:16px\"><a href=\"https:\/\/agencia.unq.edu.ar\/?tag=camila-basso\" target=\"_blank\" rel=\"noopener\" title=\"\">Camila Basso<\/a><\/p>\n\n\n\n<p style=\"font-size:16px\"><a href=\"https:\/\/agencia.unq.edu.ar\/?tag=magdalena-biota\" target=\"_blank\" rel=\"noopener\" title=\"\">Magdalena Biota<\/a><\/p>\n\n\n\n<p style=\"font-size:16px\"><a href=\"https:\/\/agencia.unq.edu.ar\/?tag=rafael-bitran\" target=\"_blank\" rel=\"noopener\" title=\"\">Rafael Bitr\u00e1n<\/a><\/p>\n<\/div>\n\n\n\n<div class=\"wp-block-uagb-container uagb-block-ee5df8a6\">\n<p style=\"font-size:16px\"><a href=\"https:\/\/agencia.unq.edu.ar\/?tag=maria-juana-brady\" target=\"_blank\" rel=\"noopener\" title=\"\">Mar\u00eda Juana Brady<\/a><\/p>\n\n\n\n<p style=\"font-size:16px\"><a href=\"https:\/\/agencia.unq.edu.ar\/?tag=daniel-busdygan\" target=\"_blank\" rel=\"noopener\" title=\"\">Daniel Busdygan<\/a><\/p>\n\n\n\n<p style=\"font-size:16px\"><a href=\"https:\/\/agencia.unq.edu.ar\/?tag=diego-campos\" target=\"_blank\" rel=\"noopener\" title=\"\">Diego Campos<\/a><\/p>\n\n\n\n<p style=\"font-size:16px\"><a href=\"https:\/\/agencia.unq.edu.ar\/?tag=anahi-cuellas\" target=\"_blank\" rel=\"noopener\" title=\"\">Anah\u00ed Cuellas<\/a><\/p>\n<\/div>\n\n\n\n<div class=\"wp-block-uagb-container uagb-block-1931040e\">\n<p style=\"font-size:16px\"><a href=\"https:\/\/agencia.unq.edu.ar\/?tag=gustavo-demartin\" target=\"_blank\" rel=\"noopener\" title=\"\">Gustavo Demart\u00edn<\/a><\/p>\n\n\n\n<p style=\"font-size:16px\"><a href=\"https:\/\/agencia.unq.edu.ar\/?tag=maria-eugenia-dichano\" target=\"_blank\" rel=\"noopener\" title=\"\">Mar\u00eda Eugenia Dichano<\/a><\/p>\n\n\n\n<p style=\"font-size:16px\"><a href=\"https:\/\/agencia.unq.edu.ar\/?tag=lia-gomez\" target=\"_blank\" rel=\"noopener\" title=\"\">L\u00eda G\u00f3mez<\/a><\/p>\n\n\n\n<p style=\"font-size:16px\"><a href=\"https:\/\/agencia.unq.edu.ar\/?tag=agustina-iturbe\" target=\"_blank\" rel=\"noopener\" title=\"\">Agustina Iturbe<\/a><\/p>\n<\/div>\n\n\n\n<div class=\"wp-block-uagb-container uagb-block-8908724b\">\n<p style=\"font-size:16px\"><a href=\"https:\/\/agencia.unq.edu.ar\/?tag=santiago-lopez\" target=\"_blank\" rel=\"noopener\" title=\"\">Santiago L\u00f3pez<\/a><\/p>\n\n\n\n<p style=\"font-size:16px\"><a href=\"https:\/\/agencia.unq.edu.ar\/?tag=federico-pavlovsky\" target=\"_blank\" rel=\"noopener\" title=\"\">Federico Pavlovsky<\/a><\/p>\n\n\n\n<p style=\"font-size:16px\"><a href=\"https:\/\/agencia.unq.edu.ar\/?tag=abril-suarez\" target=\"_blank\" rel=\"noopener\" title=\"\">Abril Su\u00e1rez<\/a><\/p>\n\n\n\n<p style=\"font-size:16px\"><a href=\"https:\/\/agencia.unq.edu.ar\/?tag=diego-vazquez\" target=\"_blank\" rel=\"noopener\" title=\"\">Diego Vazquez<\/a><\/p>\n<\/div>\n<\/div><\/div>\n\n\n\n<p><\/p>\n\n\n\n<hr class=\"wp-block-separator has-text-color has-css-opacity has-background\" style=\"background-color:#fea50e;color:#fea50e\"\/>\n\n\n\n<p><\/p>\n\n\n\n<figure class=\"wp-block-image size-full is-resized\"><img loading=\"lazy\" decoding=\"async\" width=\"470\" height=\"125\" src=\"https:\/\/agencia.unq.edu.ar\/wp-content\/uploads\/2022\/03\/logo-agencia-noticias.png\" alt=\"Isologotipo de la agencia de noticias cient\u00edficas\" class=\"wp-image-2158\" style=\"width:235px\"\/><\/figure>\n\n\n\n<p><\/p>\n\n\n\n<p class=\"has-small-font-size\"><a href=\"https:\/\/agencia.unq.edu.ar\/?page_id=100\">El proyecto<\/a><\/p>\n\n\n\n<p class=\"has-small-font-size\"><a href=\"https:\/\/agencia.unq.edu.ar\/?page_id=106\">Autoridades UNQ<\/a><\/p>\n\n\n\n<p class=\"has-small-font-size\"><a href=\"https:\/\/agencia.unq.edu.ar\/?page_id=3158\">Divulgar(nos)<\/a><\/p>\n\n\n\n<p class=\"has-small-font-size\"><a href=\"https:\/\/agencia.unq.edu.ar\/?page_id=6399\">Nuestras notas en otros medios<\/a><\/p>\n\n\n\n<p class=\"has-small-font-size\"><a href=\"https:\/\/docs.google.com\/presentation\/d\/e\/2PACX-1vQ0t97rsc11FItlUh1E8ePXI71x0212KY6_usZ1bkP7M5phOIg2BSO4IfoPBW8tmmS4iBIGnqkCZTdn\/pub?start=true&amp;loop=false&amp;delayms=5000&amp;slide=id.p\" target=\"_blank\" rel=\"noreferrer noopener\">Difusi\u00f3n<\/a><\/p>\n\n\n\n<p class=\"has-small-font-size\"><a href=\"https:\/\/agencia.unq.edu.ar\/?page_id=87\">Contacto<\/a><\/p>\n","protected":false},"excerpt":{"rendered":"<p>Director: Pablo Esteban pablo.esteban1@unq.edu.ar Redactoras\/es: Luciana Mazzini Puga mazzinipluciana@gmail.com Ximena P\u00e9rez maria.perez@unq.edu.ar Nicol\u00e1s Retamar nicolas.retamar@unq.edu.ar Nadia Chiaramoni nschiara@unq.edu.ar Fotograf\u00eda y [&hellip;]<\/p>\n","protected":false},"author":9,"featured_media":33434,"parent":0,"menu_order":0,"comment_status":"closed","ping_status":"closed","template":"","meta":{"_uag_custom_page_level_css":"","_monsterinsights_skip_tracking":false,"_monsterinsights_sitenote_active":false,"_monsterinsights_sitenote_note":"","_monsterinsights_sitenote_category":0,"site-sidebar-layout":"default","site-content-layout":"","ast-site-content-layout":"default","site-content-style":"default","site-sidebar-style":"default","ast-global-header-display":"","ast-banner-title-visibility":"","ast-main-header-display":"","ast-hfb-above-header-display":"","ast-hfb-below-header-display":"","ast-hfb-mobile-header-display":"","site-post-title":"","ast-breadcrumbs-content":"","ast-featured-img":"","footer-sml-layout":"","ast-disable-related-posts":"","theme-transparent-header-meta":"","adv-header-id-meta":"","stick-header-meta":"","header-above-stick-meta":"","header-main-stick-meta":"","header-below-stick-meta":"","astra-migrate-meta-layouts":"default","ast-page-background-enabled":"default","ast-page-background-meta":{"desktop":{"background-color":"var(--ast-global-color-4)","background-image":"","background-repeat":"repeat","background-position":"center center","background-size":"auto","background-attachment":"scroll","background-type":"","background-media":"","overlay-type":"","overlay-color":"","overlay-opacity":"","overlay-gradient":""},"tablet":{"background-color":"","background-image":"","background-repeat":"repeat","background-position":"center center","background-size":"auto","background-attachment":"scroll","background-type":"","background-media":"","overlay-type":"","overlay-color":"","overlay-opacity":"","overlay-gradient":""},"mobile":{"background-color":"","background-image":"","background-repeat":"repeat","background-position":"center center","background-size":"auto","background-attachment":"scroll","background-type":"","background-media":"","overlay-type":"","overlay-color":"","overlay-opacity":"","overlay-gradient":""}},"ast-content-background-meta":{"desktop":{"background-color":"var(--ast-global-color-5)","background-image":"","background-repeat":"repeat","background-position":"center center","background-size":"auto","background-attachment":"scroll","background-type":"","background-media":"","overlay-type":"","overlay-color":"","overlay-opacity":"","overlay-gradient":""},"tablet":{"background-color":"var(--ast-global-color-5)","background-image":"","background-repeat":"repeat","background-position":"center center","background-size":"auto","background-attachment":"scroll","background-type":"","background-media":"","overlay-type":"","overlay-color":"","overlay-opacity":"","overlay-gradient":""},"mobile":{"background-color":"var(--ast-global-color-5)","background-image":"","background-repeat":"repeat","background-position":"center center","background-size":"auto","background-attachment":"scroll","background-type":"","background-media":"","overlay-type":"","overlay-color":"","overlay-opacity":"","overlay-gradient":""}},"footnotes":""},"class_list":["post-108","page","type-page","status-publish","has-post-thumbnail","hentry"],"aioseo_notices":[],"uagb_featured_image_src":{"full":["https:\/\/agencia.unq.edu.ar\/wp-content\/uploads\/2025\/12\/equipo2025-1040x420-1.jpg",1040,420,false],"thumbnail":["https:\/\/agencia.unq.edu.ar\/wp-content\/uploads\/2025\/12\/equipo2025-1040x420-1.jpg",150,61,false],"medium":["https:\/\/agencia.unq.edu.ar\/wp-content\/uploads\/2025\/12\/equipo2025-1040x420-1.jpg",960,388,false],"medium_large":["https:\/\/agencia.unq.edu.ar\/wp-content\/uploads\/2025\/12\/equipo2025-1040x420-1.jpg",768,310,false],"large":["https:\/\/agencia.unq.edu.ar\/wp-content\/uploads\/2025\/12\/equipo2025-1040x420-1.jpg",1040,420,false],"1536x1536":["https:\/\/agencia.unq.edu.ar\/wp-content\/uploads\/2025\/12\/equipo2025-1040x420-1.jpg",1040,420,false],"2048x2048":["https:\/\/agencia.unq.edu.ar\/wp-content\/uploads\/2025\/12\/equipo2025-1040x420-1.jpg",1040,420,false]},"uagb_author_info":{"display_name":"Agencia de Noticias Cient\u00edficas UNQ","author_link":"https:\/\/agencia.unq.edu.ar\/?author=9"},"uagb_comment_info":0,"uagb_excerpt":"Director: Pablo Esteban pablo.esteban1@unq.edu.ar Redactoras\/es: Luciana Mazzini Puga mazzinipluciana@gmail.com Ximena P\u00e9rez maria.perez@unq.edu.ar Nicol\u00e1s Retamar nicolas.retamar@unq.edu.ar Nadia Chiaramoni nschiara@unq.edu.ar Fotograf\u00eda y [&hellip;]","blog_post_layout_featured_media_urls":{"thumbnail":["https:\/\/agencia.unq.edu.ar\/wp-content\/uploads\/2025\/12\/equipo2025-1040x420-1.jpg",150,61,false],"full":["https:\/\/agencia.unq.edu.ar\/wp-content\/uploads\/2025\/12\/equipo2025-1040x420-1.jpg",1040,420,false]},"categories_names":null,"comments_number":"0","_links":{"self":[{"href":"https:\/\/agencia.unq.edu.ar\/index.php?rest_route=\/wp\/v2\/pages\/108","targetHints":{"allow":["GET"]}}],"collection":[{"href":"https:\/\/agencia.unq.edu.ar\/index.php?rest_route=\/wp\/v2\/pages"}],"about":[{"href":"https:\/\/agencia.unq.edu.ar\/index.php?rest_route=\/wp\/v2\/types\/page"}],"author":[{"embeddable":true,"href":"https:\/\/agencia.unq.edu.ar\/index.php?rest_route=\/wp\/v2\/users\/9"}],"replies":[{"embeddable":true,"href":"https:\/\/agencia.unq.edu.ar\/index.php?rest_route=%2Fwp%2Fv2%2Fcomments&post=108"}],"version-history":[{"count":39,"href":"https:\/\/agencia.unq.edu.ar\/index.php?rest_route=\/wp\/v2\/pages\/108\/revisions"}],"predecessor-version":[{"id":33436,"href":"https:\/\/agencia.unq.edu.ar\/index.php?rest_route=\/wp\/v2\/pages\/108\/revisions\/33436"}],"wp:featuredmedia":[{"embeddable":true,"href":"https:\/\/agencia.unq.edu.ar\/index.php?rest_route=\/wp\/v2\/media\/33434"}],"wp:attachment":[{"href":"https:\/\/agencia.unq.edu.ar\/index.php?rest_route=%2Fwp%2Fv2%2Fmedia&parent=108"}],"curies":[{"name":"wp","href":"https:\/\/api.w.org\/{rel}","templated":true}]}}